late the highest common factor of f and 124.
31
Suppose -s = 0, -14*f + 11*f + 156 = -4*s. Let h be (159/(-4))/((-13)/f). Calculate the greatest common divisor of 106 and h.
53
Let p(s) = s**3 + 6*s**2 + 3*s - 2. Let v be 3/(-5) - (-119)/(-35). Let x be p(v). Calculate the greatest common divisor of 27 and x.
9
Suppose 0 = -0*h - 3*h + 72. Let i = -9 + h. What is the greatest common divisor of 10 and i?
5
Let u be (-99)/(-6)*(-1 - (-7)/3). Suppose 0 = -i - 5*y + 46, -5*y = -2*i - y + u. Calculate the highest common divisor of i and 189.
21
Let q(h) = -8*h + 13. Let w(o) = -o**2 + 18*o + 15. Let f be w(19). Let y be q(f). Calculate the greatest common divisor of 9 and y.
9
Let k = 1703 - 1191. What is the greatest common divisor of k and 48?
16
Let b(r) = 7*r - 23. Let x(a) = 22*a - 68. Let c(s) = -14*b(s) + 5*x(s). Let d be c(6). Let n be (18/21)/(2/14). What is the greatest common divisor of n and d?
6
Let h(m) = -m**2 - 8*m - 9. Let l be h(-5). Suppose 37*y - 862 - 692 = 0. What is the greatest common divisor of l and y?
6
Suppose 2*t + 3*t - 4*s - 59 = 0, -s = 1. Suppose -6*r + t*r = 360. What is the highest common divisor of 9 and r?
9
Let x(a) = 2*a**2 - 76*a + 472. Let f be x(6). Calculate the greatest common factor of f and 594.
22
Let a = 45 - 19. Suppose -16 = -x - 2*i + a, -5*i + 89 = 2*x. Calculate the highest common divisor of 224 and x.
32
Let q = -29 - -41. Let t(l) = 229*l**3 + 2*l**2 - 3*l + 2. Let x be t(1). Let w = x + -98. Calculate the highest common factor of w and q.
12
Let d = -14 + 7. Let t = 19 + d. Let p be (88/(-5))/(8/(-60)). What is the greatest common divisor of p and t?
12
Suppose 2*k + 109 - 117 = 0. What is the greatest common factor of 78 and k?
2
Let c = 521 - -236. Suppose -5*i + c = -218. Calculate the greatest common factor of i and 15.
15
Let k(f) = -3*f**2 + 131*f + 102. Let d be k(44). Calculate the greatest common divisor of d and 986.
58
Let u(m) = -m**3 + 8*m**2 + 3*m - 24. Let p be u(8). Let d be (9/(-2))/(4/(-8) - p). Suppose -108 = j - 4*j. What is the highest common factor of d and j?
9
Let j = 150 + -142. Suppose 4*w = m - 6, 0*w - 3*m - 12 = 3*w. Let t be w*3/6 - -17. What is the highest common factor of j and t?
8
Let i be (27 - -1)*(-4)/(-8). Let s be (-614)/(-4) - (3/6)/(-1). What is the highest common divisor of i and s?
14
Let p(g) = 3*g + 19. Let y(j) = -2*j**2 + 2*j - 2. Let l be y(2). Let r be p(l). Calculate the greatest common divisor of 11 and r.
1
Let h be ((-6)/9)/(4/42). Let q(g) = 2*g**3 + 10*g**2 + 2*g + 3. Let k be q(h). Let o = -116 - k. Calculate the highest common divisor of 13 and o.
13
Suppose 0 = -17*l + 14*l + 3*g, -4*l + 16 = 4*g. What is the highest common divisor of l and 62?
2
Let f be ((-286)/78)/((-2)/18). What is the highest common divisor of 132 and f?
33
Let t(l) = 4*l**2 + 5*l + 5. Let x be t(-2). Suppose -3*z = -2*a + 27 - 10, -a + z = -x. Let n = a + -7. Calculate the greatest common factor of 45 and n.
9
Let k = 12 - 1. Suppose -9*y - 484 = -13*y. Calculate the greatest common divisor of k and y.
11
Suppose 22*x - 12*x - 10 = 0. Let h be 30/(-18) + x/(-3) + 38. What is the highest common divisor of 48 and h?
12
Suppose -8*g = -10*g - 9884. Let y be g/(-28) - 1/2. Suppose -2*d - 3*d + 110 = 0. Calculate the greatest common factor of y and d.
22
Suppose -s = 2*s - 6. Suppose 3 = k, 2*k = s*l - 0*l + 24. Let o = l - -34. Calculate the highest common divisor of o and 5.
5
Let f = 240 + -152. Calculate the greatest common divisor of 32 and f.
8
Suppose 0 = -4*w - 0*w + 132. Let i = w + -3. What is the highest common divisor of i and 6?
6
Let a(k) = 4*k + 0 - 2*k - 4*k - 3. Let x be a(-4). Suppose c - 19 = 2*n - 1, -79 = -4*c + n. Calculate the greatest common factor of x and c.
5
Suppose -18 = -4*c + 3*p + 107, -4*c = -2*p - 122. Suppose -3*z + 17 = 2*m, -4*m = m + 3*z - c. What is the highest common factor of 2 and m?
2
Suppose -3*d = -5*d - 4. Let h be ((-57)/2)/((-1)/d). Let w = -2 - h. What is the highest common divisor of w and 5?
5
Let k = -2 - -4. Let t be 9 - k - (4 - 3). Let n(b) = 15*b**3 - b**2 + 1. Let l be n(1). Calculate the highest common divisor of t and l.
3
Suppose -4*x = -4*l + 92, 86 + 59 = 5*l + x. Let n = l - 18. Suppose -31*m = -34*m + 12. Calculate the highest common factor of m and n.
2
Let k be (-10)/(-2)*(48/30 + 0). Let h = 1 + 3. Suppose -h*d = d - 200. What is the greatest common factor of d and k?
8
Let y = -469 + 622. Calculate the greatest common factor of 9 and y.
9
Suppose -25 = -5*d - 3*o, 2*d + 7*o + 21 = 12*o. Suppose 3*l - d*y - 120 = 0, 0*y + y = -3*l + 120. Calculate the greatest common factor of 5 and l.
5
Let s = 8 - 6. Suppose 0 = -2*m - 0*p - 4*p + 20, -5*m = 3*p - 22. Suppose -v - 6 = -g, -m*g + 5*v = -3*g + 6. Calculate the greatest common factor of s and g.
2
Let q be -6*(-6 - -2) + -1. Suppose -5*i = -q - 67. Calculate the greatest common factor of i and 27.
9
Suppose -4*f = -8, 2*y + 2*f = 5*y - 32. Suppose 3*x - y = 0, 0*i - 48 = -3*i - 3*x. Calculate the highest common divisor of i and 12.
12
Let c(u) = -239*u**2 - 2*u + 3. Let q(y) = 119*y**2 + y - 1. Let b(i) = 2*c(i) + 5*q(i). Let v be b(-1). What is the greatest common divisor of 13 and v?
13
Let u = 38 + 43. Suppose 3*x = r + u, r + 25 = -0*x + x. What is the highest common divisor of x and 4?
4
Suppose 91 = 13*c - 0*c. What is the greatest common divisor of c and 175?
7
Suppose 303 = 7*w - 5. Let b = 54 - w. Calculate the greatest common factor of b and 15.
5
Let j be (-9 - -15)*4/6. Suppose -j*m + 153 = -3*u, -2*u + 4*u = -4*m + 178. Calculate the greatest common divisor of m and 6.
6
Let s(o) = -38*o - 30*o + 63*o. Let q be s(-6). What is the greatest common factor of q and 75?
15
Suppose -3*q = 2*h + 2*h - 178, -2*h = -8. Let t be (q/7)/((-15)/(-770)). What is the highest common divisor of 36 and t?
36
Let n be (-12)/(-630)*-5 - 4036/(-42). Calculate the greatest common divisor of 224 and n.
32
Let q = -74 - -116. Let u = q - 29. Calculate the highest common divisor of 39 and u.
13
Let n be 72 + (3 - 4/4) + -2. Let v = n - 69. Calculate the highest common divisor of v and 12.
3
Suppose 0 = 2*n - 5*s - 128, -305 = -n - 4*n + 5*s. Calculate the highest common divisor of n and 413.
59
Let x(u) = 211*u**3 - 7*u**2 + 8*u - 2. Let n be x(1). What is the highest common factor of n and 245?
35
Let u be (3 - 5)/((-4)/(-362)). Let k = u + 262. What is the highest common factor of k and 9?
9
Suppose -19 - 41 = -20*d. What is the highest common factor of 4 and d?
1
Let k(g) = g**3 + g + 4. Let a be k(0). Suppose -f + 0 + 109 = -4*i, 46 = -i + a*f. Let m = i + 31. Calculate the highest common divisor of m and 45.
5
Let c(i) = -i + 6. Let r be c(5). Let l be 5/(-20)*(-3 + 1)*0. Suppose 0 = 3*q - 3 - l. Calculate the highest common divisor of r and q.
1
Suppose -o = -x + 503, 0*o = 3*x + o - 1497. Suppose 0 = -9*z + 14*z - x. What is the highest common factor of 40 and z?
20
Let u(q) = 5 + 12 + 4*q + 5 - 7. Let z be u(-6). Let d = z - -17. What is the highest common divisor of 32 and d?
8
Suppose 7*p - 23 = -44. Let x be (2 + (-36)/p)*4. Suppose -2*w + 25 = -f, 3*f = -5*w - 0*w + 79. Calculate the highest common divisor of x and w.
14
Let c(s) = 14*s - 49. Let g be c(6). What is the highest common divisor of g and 80?
5
Suppose 3*g - 24 = d, 0 = 2*g - 2*d - 0*d - 12. Let c = 12 - g. Calculate the highest common factor of c and 1.
1
Let t = 1374 + -1294. What is the greatest common factor of 2320 and t?
80
Let z = -914 + 944. Let q(x) = -x + 15. Let h be q(0). Calculate the greatest common factor of h and z.
15
Let y(c) = -c**3 + 7*c**2 - 3*c - 11. Let j be y(5). What is the highest common factor of 9 and j?
3
Suppose -1210 = -64*o - 122. Calculate the greatest common factor of o and 204.
17
Suppose -23*l + 20*l = -3*w + 117, -w + 4*l + 48 = 0. Calculate the highest common factor of 9 and w.
9
Let q(a) = a**3 + 22*a**2 - a - 47. Let p be q(-9). Calculate the greatest common factor of p and 435.
145
Let j be ((-1)/2)/(4/(24/(-3))). Calculate the greatest common factor of j and 4.
1
Suppose -101 - 25 = -o. What is the greatest common factor of 6 and o?
6
Let g be ((12/(-8) + 3)*-2)/(-1). Suppose 69 = 4*s - g*c, -s + 3*s - 33 = 3*c. What is the highest common factor 